-34*y - 1. What is the hundreds digit of n(-3)?
1
Let r = -7 - -8. Let n be 2 + (4 - r - 2). Suppose -u = -n*u + 2. What is the units digit of u?
1
Let r be 1/1*2 - 5. Let p = -6 + 8. What is the units digit of (p/r)/(6/(-9))?
1
What is the units digit of (-1)/(3/2088*-3)?
2
Let q = -3 + -5. Let k be 30/q - 2/8. Let l(t) = 2*t**2 + 4*t - 3. What is the units digit of l(k)?
3
Let t = -3 + 3. Suppose -2*o - 4 = -64. Suppose t = -4*u + u + o. What is the tens digit of u?
1
Let k(v) = v**3 - 21*v**2 - 18*v + 7. What is the units digit of k(22)?
5
Let a = 85 - -5. What is the tens digit of a?
9
What is the tens digit of (0 - (-236)/5)/((-14)/(-35))?
1
Let o be (-4)/6 - (-77)/21. Suppose 0 = x - 0 - o. Suppose x*a = g + 9, 0 = -4*a + 2*a + 2*g + 2. What is the units digit of a?
4
Let w(q) = q**2 + 9*q + 7. What is the tens digit of w(-10)?
1
Let h = -12 - -21. Let u = h + -4. Suppose 3 - u = -f. What is the units digit of f?
2
Suppose -z + 3*k - 11 = -61, 5*z - 2*k - 198 = 0. What is the tens digit of z?
3
Suppose -3*t - 3 = -15. What is the units digit of 4/(t*-2)*-2?
1
Let d(f) = -f. Let x(m) = -1. Let j(y) = -4*d(y) + x(y). What is the units digit of j(1)?
3
Let t = 1 + 4. Suppose -t*u - l + 13 = 0, -u - 2*l = -6*u + 19. Suppose -2*h = u*n + 3, -3*h + 2*h - 1 = 2*n. What is the units digit of n?
1
Suppose -2*c + c = 4*b + 43, 5*b - c + 47 = 0. Let g = 11 + b. What is the tens digit of (10*3)/3*g?
1
Let u(z) be the second derivative of -z**4/12 - 7*z**3/6 - 3*z**2 + 4*z. Let x be u(-7). What is the tens digit of (-3)/x*(-40)/(-2)?
1
Let y(x) = -10*x + 4. Suppose t = 6*t + 15. What is the tens digit of y(t)?
3
Let a = 2 + -1. Suppose i - 2 + a = 0. What is the units digit of -2 - (18*i)/(-3)?
4
Let r be (-14)/(-8) + 2/8. What is the units digit of (r/4)/(9/18)?
1
Let d(o) = -19*o - 10. What is the units digit of d(-4)?
6
Suppose w - 53 = 3*r, 2*r + 12 = 2. Suppose 0*t + 2*t - w = 0. What is the units digit of t?
9
Let f = 25 + -16. Suppose 0*g = 3*g + 3*o + f, -9 = -5*g + 3*o. Let k = 3 + g. What is the units digit of k?
3
Let n be ((-5)/3)/5*-6. Let z = 4 + n. What is the units digit of z?
6
Let i be (-26)/(-6) - (-1)/(-3). Let p = i + 4. What is the units digit of p?
8
Let f = 108 - 74. Suppose -3*h = -h - f. What is the tens digit of h?
1
Suppose x + 5*m - 29 = 0, 2 + 19 = -x + 5*m. Let g = x + 0. Suppose -2 = -3*r + r, -w - g*r + 15 = 0. What is the units digit of w?
1
What is the units digit of (-1 - 146/(-4))/((-1)/(-2))?
1
Suppose 3*r + 9 = -6, 3*f = -2*r + 17. Suppose -3*s = -k - 6*s + f, -5*s = -k + 17. What is the units digit of k?
2
Suppose 0 = -2*x + x. Let p be 1/2*(x + 0). Suppose m + 20 = 2*u, p*m - m = -2. What is the units digit of u?
1
Let c(u) = u**2 + 5*u + 4. Let b be c(-4). Suppose -w + 2 + 3 = b. Suppose -3*a = w*n - 31, -n = -a - 2*a + 19. What is the units digit of a?
7
Suppose 5*c = -21 + 6. Let u = c + 15. What is the tens digit of u?
1
Suppose 2*v = 2*m - 10, m + 1 - 4 = 0. Let p be -2 - ((-26)/(-2) - 3). What is the tens digit of ((-44)/p)/(v/(-6))?
1
Let a = -7 + 4. Let m = a + 7. Suppose 1 = x + x - 3*j, -m*x - 2*j = -26. What is the units digit of x?
5
Suppose 0 = o + o - 10. Let p(k) = -k + 9*k**2 - o*k - 4*k + k**3 + 3. What is the units digit of p(-10)?
3
Suppose 834 = -4*g + 10*g. What is the units digit of g?
9
Suppose -4*h + 32 = -3*r, 27 = 5*h + 5*r - 13. Let d = h + 3. What is the units digit of d?
1
Let b(v) = 21*v - 6. What is the units digit of b(4)?
8
Let x(l) = 29*l**3 + 6*l**2 + l - 7. Let p(z) = 30*z**3 + 5*z**2 + z - 6. Let i(u) = 7*p(u) - 6*x(u). What is the tens digit of i(1)?
3
Let b(y) be the first derivative of y**4/4 - 2*y**3/3 - 3*y + 2. Let k be b(3). What is the units digit of k + 0*(-1 + 0)?
6
Let v(j) = -229*j - 9. What is the tens digit of v(-1)?
2
Suppose t = -t - 4*s + 120, 5*t + s = 273. What is the tens digit of t?
5
Suppose 3*x = 4*x + 4*d - 24, 0 = 5*x - 2*d - 54. What is the tens digit of x?
1
Suppose -5*s - 4*h + 42 = -143, 0 = 3*s - 3*h - 111. What is the tens digit of s?
3
Suppose -v = -3*r + 58, 0 = 3*r + 2*v - 14 - 41. Let k(y) = -3*y - 3. Let s be k(-4). Suppose s + r = 4*n. What is the units digit of n?
7
Let a(b) = -3*b + 7*b**2 + 5*b - 2 - 8*b**2. Let n be a(4). What is the units digit of (1 - -5)/((-15)/n)?
4
What is the units digit of (-4)/4*5 - -194?
9
Suppose 0 = -5*d + n + n + 20, 0 = d - 3*n - 17. Let i = d + -3. Let u = 4 + i. What is the units digit of u?
3
Suppose 0 = -6*z + 4*z - i + 9, -2*z - 16 = -4*i. Suppose -z*u + 27 = u. What is the units digit of u?
9
Suppose -2*x + x = 1. Let i = x + 12. What is the units digit of i?
1
Suppose 0*v - 10 = 5*v, -3*l - v = 5. Let k = l + 1. Suppose 4*p + 2*z - 30 = k, 3*z = -6*p + p + 37. What is the units digit of p?
8
Let k(s) be the third derivative of -1/6*s**3 + 1/6*s**4 + 0*s + s**2 + 0. What is the units digit of k(2)?
7
Let q be 2 - (0 + 3) - 7. Let t = 3 + q. Let p = t + 21. What is the tens digit of p?
1
Suppose 0 = 2*u + 2*r - r + 2, u = 5*r - 1. Let g be 0/u + (-20)/2. Let z = g - -22. What is the units digit of z?
2
Let i = -2 - -4. Suppose 0 = i*f - 38 + 12. What is the tens digit of f?
1
Let g be (-7 - -4)*2/(-3). Suppose g*o - h + 5*h = 10, 3*o - 3*h = 60. Let r = -11 + o. What is the units digit of r?
4
Suppose -8*s + 720 = -456. What is the hundreds digit of s?
1
Let m = -18 - -20. Suppose 6 + 4 = 5*l. Suppose -2*h + m*z = 0, h = -0*h - z + l. What is the units digit of h?
1
What is the units digit of (12/9*2)/((-2)/(-3))?
4
Let j(r) = 6*r**2 - 7*r + 1. What is the units digit of j(2)?
1
Suppose -4*i + 89 = -2*i - g, 5*i = 2*g + 221. What is the units digit of i?
3
Suppose 3*v = i - 0*i + 131, -193 = -4*v + 5*i. What is the units digit of v?
2
Let p = -9 + 4. Suppose 2*b - 3 - 1 = 0. What is the units digit of (b/5)/(p/(-50))?
4
Suppose -3*i - 5*y = -370, i - 4*i + 354 = -3*y. What is the units digit of i?
0
Let c(s) = -s**3 - 8*s**2 - s + 9. Suppose -2*y + j + 2 = 3*j, 18 = 2*y - 2*j. Suppose 0 = -k - y - 3. What is the tens digit of c(k)?
1
Suppose 3*s + 10 = 5*s. Let m be -2 + s/(10/8). What is the units digit of m/(6/15) + -1?
4
Let o = -5 - -3. What is the units digit of 3 - -3*(-2)/o?
6
Let m(g) = 3*g**2 + 16*g - 19. What is the tens digit of m(-14)?
4
Let d(m) be the second derivative of 9*m**5/20 - m**4/12 - m**3/6 + m**2/2 - m. Let o be (-2 - -1) + -1 + 3. What is the units digit of d(o)?
8
Suppose 233 = 3*a - 5*l, 2*a + 2*l = l + 177. Let w = 124 - a. What is the units digit of w?
8
Suppose -3*l + r = l - 12, -16 = -4*r. What is the units digit of 29/l + 4/(-16)?
7
Let d(p) = 3*p**3 - 7*p**2 + p - 2. Let l(v) = -4*v**3 + 8*v**2 - 2*v + 1. Let a(z) = -3*d(z) - 2*l(z). What is the units digit of a(4)?
4
Let v(w) = 8*w - 7. Let j be v(6). Suppose j = 3*l - 13. What is the tens digit of l?
1
Let i = 37 + 33. Suppose 3*o - 8*o = -i. What is the tens digit of o?
1
Let g(c) = -2*c**3 - 4*c**2 + c - 8. What is the units digit of g(-4)?
2
Suppose -z + 5*w = 2*z, -w = -z. Suppose z + 4 = c. What is the units digit of c?
4
Let j(q) = 2*q + 4*q - 5*q + 2*q - 7. What is the units digit of j(9)?
0
Suppose -5*r = 3*r. Suppose r = 2*u - 23 + 5. What is the units digit of u?
9
Let n = 23 - 6. Let v = n + -11. What is the units digit of v?
6
Let d(j) = j. What is the units digit of d(3)?
3
Suppose -2*d + 90 = 3*d - 5*l, -5*d + 3*l = -90. What is the units digit of d?
8
Suppose 3*c - c - 24 = -3*j, -5*c - j + 60 = 0. Suppose h - c = -3*h. Suppose 2*u = 2*i, h*i - 6 = -2*i - u. What is the units digit of i?
1
Let f(d) = 70*d - 1. Let z be f(1). Suppose t = -2*t + z. What is the units digit of t?
3
Let y(r) be the first derivative of -r**2/2 - 7*r + 3. Let k be 5*(-3 + (-2)/(-2)). What is the units digit of y(k)?
3
Let o(a) = -6*a + 1. Let m be o(-2). Suppose 12 = 4*c + 4*v, m = 3*c - 2*v + 4. Suppose u = -c*u + 44. What is the units digit of u?
1
Let t = 5 + -6. What is the units digit of 3/(((-9)/21)/t)?
7
Let s = -3 + 246. What is the units digit of s?
3
Let c be (-3)/(2/(-1 + -1)). Suppose -4*g + 8 = -l, -c*l + 21 = -0*l - 3*g. What is the tens digit of l?
1
Let n(c) be the third derivative of -c**5/60 - 5*c**4/24 - c**3/3 + c**2. Let k be n(-3). Suppose -k*q - 6 = -18. What is the units digit of q?
3
Suppose 